0?
True
Is 59788033 a multiple of 899?
False
Is 3006 a factor of 28520866?
False
Does 171 divide 640306251?
True
Is 33029467 a multiple of 589?
False
Is 56 a factor of 4327970?
False
Does 5 divide 435052242?
False
Is 12 a factor of 16977552?
True
Is 4121 a factor of 88426077?
False
Is 6472043 a multiple of 331?
True
Does 20 divide 3866789066?
False
Is 13 a factor of 1164885?
False
Is 726923758 a multiple of 5258?
True
Does 19 divide 94567605?
False
Is 159760446 a multiple of 1355?
False
Does 4175 divide 82751570?
False
Is 35210190 a multiple of 56?
False
Is 609 a factor of 2920567?
False
Does 1093 divide 193795458?
True
Is 345 a factor of 60500023?
False
Is 12299779 a multiple of 529?
True
Is 105 a factor of 67271505?
True
Does 10 divide 464978669?
False
Does 913 divide 77773905?
True
Does 2655 divide 23342498?
False
Does 1539 divide 53260173?
True
Is 47177246 a multiple of 374?
False
Is 1056058760 a multiple of 6?
False
Is 218304840 a multiple of 65?
True
Is 114 a factor of 482731978?
False
Is 104014455 a multiple of 19?
True
Is 7 a factor of 8271102?
True
Is 2640 a factor of 207823757?
False
Is 12215768 a multiple of 249?
False
Is 471427341 a multiple of 184?
False
Is 84 a factor of 98724999?
False
Is 285632498 a multiple of 432?
False
Is 10 a factor of 12214120?
True
Does 33 divide 2571576?
False
Is 8 a factor of 16173696?
True
Does 27 divide 22950492?
False
Does 608 divide 13328620?
False
Is 2307312 a multiple of 5?
False
Does 287 divide 191426130?
True
Is 41 a factor of 39298952?
False
Does 45 divide 202764979?
False
Is 5 a factor of 31373570?
True
Does 209 divide 256076414?
True
Is 9969264 a multiple of 208?
False
Is 656 a factor of 34491440?
False
Is 2656595 a multiple of 5?
True
Does 45 divide 15313950?
True
Does 12 divide 66127586?
False
Does 28 divide 81787636?
True
Is 4078371 a multiple of 2262?
False
Is 298741086 a multiple of 21?
True
Is 46167880 a multiple of 331?
True
Is 28 a factor of 508062048?
False
Is 208909021 a multiple of 9?
False
Does 12 divide 141448365?
False
Is 69302357 even?
False
Does 16 divide 103444512?
True
Does 28 divide 301761525?
False
Does 654 divide 270576688?
False
Does 2324 divide 806788220?
True
Is 25 a factor of 145160580?
False
Is 2296186600 a multiple of 46?
True
Is 206 a factor of 154599917?
False
Is 126 a factor of 192395826?
True
Is 187 a factor of 732208687?
False
Is 29 a factor of 44414212?
False
Does 12 divide 125907900?
True
Is 17 a factor of 880366420?
True
Is 3 a factor of 36187011?
True
Does 532 divide 16490610?
False
Is 12 a factor of 124176419?
False
Is 402 a factor of 66048198?
True
Is 25 a factor of 5142297762?
False
Is 545 a factor of 51784265?
True
Is 627844749 a multiple of 7?
True
Does 51 divide 6238575?
True
Is 4679 a factor of 880340036?
False
Is 31089753 a multiple of 17?
True
Is 301556737 a multiple of 633?
False
Is 5398692 a multiple of 12?
True
Is 10332329 a multiple of 599?
False
Is 18913122 a multiple of 9?
True
Does 40 divide 2319200?
True
Is 4635424 a multiple of 314?
False
Is 167 a factor of 169488634?
True
Is 83244923 a multiple of 2406?
False
Is 132382430 a multiple of 3481?
True
Is 109 a factor of 730538272?
False
Is 202902567 a multiple of 23?
False
Is 28 a factor of 96175216?
False
Is 1312828275 a multiple of 4119?
True
Is 177 a factor of 6046035?
False
Does 501 divide 88338319?
False
Is 14 a factor of 22277764?
False
Does 471 divide 324182734?
False
Does 3 divide 60493383?
True
Is 24 a factor of 31304160?
True
Does 64 divide 46942720?
True
Is 28971099 a multiple of 3?
True
Does 1398 divide 212331036?
True
Is 900880957 a multiple of 272?
False
Does 256 divide 2276374272?
True
Is 1996425722 a multiple of 103?
True
Does 386 divide 2865019380?
True
Is 578212201 a multiple of 5?
False
Does 13 divide 16727363?
False
Is 25428057 a multiple of 8?
False
Does 419 divide 1554481934?
False
Does 3606 divide 157722834?
True
Is 176 a factor of 251925112?
False
Is 440739981 a multiple of 21?
False
Does 1903 divide 526411666?
True
Is 3937645 a multiple of 85?
False
Is 31 a factor of 2598483849?
False
Does 609 divide 23003374?
False
Is 1726289712 a multiple of 2226?
True
Does 10628 divide 4684100422?
False
Is 354369218 a multiple of 766?
True
Does 29 divide 5551865?
False
Does 84 divide 57438444?
True
Is 14512588 a multiple of 62?
True
Does 4723 divide 3076960292?
False
Is 45068416 a multiple of 106?
False
Does 1082 divide 43467679?
False
Does 5 divide 1602635300?
True
Does 179 divide 183744753?
True
Is 966693184 a multiple of 394?
True
Is 26 a factor of 80383836?
True
Is 489 a factor of 1594173741?
True
Is 1425147250 a multiple of 190?
True
Does 153 divide 837917582?
False
Does 1267 divide 63048476?
False
Does 3482 divide 520016042?
False
Is 215636906 a multiple of 619?
False
Is 41773600 a multiple of 1760?
True
Is 1925866246 a multiple of 884?
False
Is 212375354 a multiple of 725?
False
Is 377 a factor of 939490032?
True
Is 11164199 a multiple of 2?
False
Does 13 divide 60315663?
False
Is 1150 a factor of 1358055700?
True
Is 125 a factor of 11309500?
True
Is 54056256 a multiple of 96?
True
Is 35 a factor of 12569367?
False
Does 141 divide 321054321?
True
Does 21 divide 11805906?
True
Does 11 divide 783766253?
False
Is 450984475 a multiple of 8?
False
Is 6 a factor of 78631835?
False
Is 10 a factor of 49425456?
False
Is 29 a factor of 103256066?
True
Does 101 divide 240878536?
True
Is 17405784 a multiple of 98?
False
Does 96 divide 1281696373?
False
Is 8747970 a multiple of 21?
True
Is 450417280 a multiple of 7360?
True
Does 13 divide 8431714?
False
Is 16907800 a multiple of 130?
True
Is 42541986 a multiple of 609?
False
Is 8809031 a multiple of 215?
False
Is 1255 a factor of 4159070?
True
Does 1238 divide 4425535?
False
Is 79189775 a multiple of 35?
True
Is 627046420 a multiple of 4988?
False
Does 55 divide 2174815830?
True
Is 6414976 a multiple of 184?
True
Does 47 divide 28711125?
True
Is 30 a factor of 1985902620?
True
Is 1609504699 a multiple of 663?
False
Is 1310013180 a multiple of 411?
True
Does 9 divide 597765958?
False
Does 9 divide 110730637?
False
Is 1700762709 a multiple of 199?
False
Is 1899 a factor of 27872971?
False
Is 89 a factor of 2114173996?
True
Is 11 a factor of 54268841?
True
Does 12 divide 5500788?
True
Is 230526700 a multiple of 1825?
True
Does 91 divide 1375532851?
False
Is 4371122150 a multiple of 11?
False
Does 184 divide 100220016?
True
Is 63688509 a multiple of 8?
False
Does 4 divide 262563?
False
Is 51 a factor of 3855563?
False
Is 438 a factor of 376123027?
False
Is 4 a factor of 13633975?
False
Is 202 a factor of 863584138?
True
Is 27 a factor of 92190096?
True
Does 3271 divide 183005908?
True
Is 19 a factor of 247511024?
True
Is 1135951902 a multiple of 5293?
True
Is 341 a factor of 35765693?
False
Is 180506550 a multiple of 4942?
True
Does 30 divide 730097502?
False
Is 40517263 a multiple of 82?
False
Does 148 divide 5768354168?
True
Is 284954609 a multiple of 1867?
True
Is 829270456 a multiple of 28?
True
Is 124 a factor of 406596?
True
Is 205 a factor of 9773106?
False
Is 92214517 a multiple of 37?
False
Is 466294328 a multiple of 8?
True
Is 282 a factor of 482213364?
False
Does 711 divide 2047621333?
False
Is 339077592 a multiple of 322?
True
Does 4 divide 30134992?
True
Is 223 a factor of 1750550?
True
Does 807 divide 7338051?
True
Is 1207465549 a multiple of 3424?
False
Is 3159260 a multiple of 58?
True
Is 10 a factor of 534874160?
True
Does 8 divide 137870029?
False
Is 45 a factor of 4335120?
True
Does 65 divide 18089760?
True
Is 65994360 a multiple of 690?
True
Is 4 a factor of 94690008?
True
Is 9 a factor of 2626272387?
True
Does 6 divide 660459492?
True
Does 11 divide 8659720?
False
Is 5002380 a multiple of 18?
True
Is 319 a factor of 605533137?
True
Is 118131780 a multiple of 12?
True
Does 6 divide 114698760?
True
Does 15 divide 128379667?
False
Is 880881661 a multiple of 391?
False
Is 12 a factor of 19140264?
True
Is 32897230 a multiple of 1002?
False
Is 626 a factor of 2118824037?
False
Is 69 a factor of 45340521?
True
Is 521 a factor of 35364438?
True
Is 24 a factor of 312083987?
False
Does 1429 divide 865259500?
True
Is 92708956 a multiple of 68?
True
Is 1678 a factor of 64223772?
True
Does 254 divide 82790284?
True
Is 1693 a fact